{"id":166,"date":"2017-09-13T18:43:17","date_gmt":"2017-09-13T15:43:17","guid":{"rendered":"http:\/\/46.32.240.37\/outicondit.com\/?post_type=jetpack-portfolio&#038;p=166"},"modified":"2019-05-26T15:04:51","modified_gmt":"2019-05-26T12:04:51","slug":"channelling","status":"publish","type":"jetpack-portfolio","link":"http:\/\/www.outicondit.com\/?portfolio=channelling","title":{"rendered":"Channelling"},"content":{"rendered":"<p><span style=\"color: #ffffff;\">.<\/span><\/p>\n<p><span style=\"color: #ffffff;\">.<\/span><\/p>\n<p>Kuinka puhua rivien v\u00e4list\u00e4? Kuinka ajatella ei mit\u00e4\u00e4n? Kuinka kanavoida kaikkea?<\/p>\n<p>&#8220;Mietin sit\u00e4 hetke\u00e4 ja tilaa ja kohtaa joka on k\u00e4\u00e4nn\u00f6ksen ja ajatuksen v\u00e4liss\u00e4. Tai hetki, jolloin alan puhua ja hetki jolloin alan ajatella k\u00e4\u00e4nn\u00f6st\u00e4, k\u00e4\u00e4nt\u00e4mist\u00e4. Mit\u00e4 se on, mit\u00e4 siin\u00e4 on. Aion nyt menn\u00e4 siihen siihen tilaan, siihen v\u00e4liin. Olen nyt ajatuksen, puheen alkamaisillaan olon ja k\u00e4\u00e4nn\u00f6ksen\u00e4 tapahtuvan puheen v\u00e4liss\u00e4. Olen nyt siell\u00e4. T\u00e4m\u00e4 on nyt se tila, ja&#8230;&#8221;<\/p>\n<p>-Emilia Kokko<\/p>\n<p style=\"text-align: right;\">To speak between the lines<\/p>\n<p style=\"text-align: right;\">To move sideways in language<\/p>\n<p style=\"text-align: right;\">To matter<\/p>\n<p style=\"text-align: right;\">To body<\/p>\n<p style=\"text-align: right;\">To subject<\/p>\n<p style=\"text-align: right;\">To texture<\/p>\n<p style=\"text-align: right;\">To pattern<\/p>\n<p style=\"text-align: right;\">To speak movement<\/p>\n<p style=\"text-align: right;\">To speak touch<\/p>\n<p style=\"text-align: right;\">To speak parallel<\/p>\n<p style=\"text-align: right;\">To language<\/p>\n<p style=\"text-align: right;\">To grammar<\/p>\n<p style=\"text-align: right;\">To almost<\/p>\n<p>&nbsp;<\/p>\n<p>In Spring 2017 I invited artists Emilia Kokko and Gesa Piper to join me in developing a practice of thinking aloud that I dubbed \u2018channelling\u2019, and the embodied poetics\/politics arising from it. This Autumn we were joined by visual designer Anastasia Paretskoi who translates the practice through her own artistic concerns with (trans)subjectivity and space\/place.<\/p>\n<p>Channelling is both site and outcome of artistic research. Through collective practice we explore how speech entangles and coagulates laterally. Our attention is as much in clumps, patterns, glitches and absences as continuous flows of presence. In speech-as-texture among other textures, speech-as-stage for performing human\/non-human\/grammatical\/partial bodies and sedimenting subjects in-formation.<\/p>\n<p>Channelling is a durational exploration of the co-constitution of bodies, relations, and grammar in performance.<\/p>\n<p>As my first examined artistic part, Channelling is paired with <em>The Actress<\/em>, which is a theatre piece on theatre, power, and acting. It presents eight variations on thespian affect, corporeality, representation,\u00a0labour, agency, identification, empowerment, and techno-assisted embodiment. <em>The Actress<\/em> is a collaboration with French-Basque theatre director\/artist\/researcher Vincent Roumagnac.<\/p>\n<p>Ty\u00f6ryhm\u00e4\/Working group: Outi Condit, Emilia Kokko, Gesa Piper, Anastasia Paretskoi (visual design)<\/p>\n<p>The Actress\/\/Channelling had their first performance run in the Theatre Academy of Helsinki in October 2017. There will be more to come, stay tuned!<\/p>\n<p>&nbsp;<\/p>\n<p><img data-attachment-id=\"190\" data-permalink=\"http:\/\/www.outicondit.com\/?attachment_id=190\" data-orig-file=\"https:\/\/i0.wp.com\/www.outicondit.com\/wp-content\/uploads\/2017\/09\/Channelling_4-2.jpg?fit=3543%2C2362\" data-orig-size=\"3543,2362\" data-comments-opened=\"1\" data-image-meta=\"{&quot;aperture&quot;:&quot;1.4&quot;,&quot;credit&quot;:&quot;&quot;,&quot;camera&quot;:&quot;Canon EOS 5D Mark II&quot;,&quot;caption&quot;:&quot;&quot;,&quot;created_timestamp&quot;:&quot;1507832587&quot;,&quot;copyright&quot;:&quot;&quot;,&quot;focal_length&quot;:&quot;50&quot;,&quot;iso&quot;:&quot;3200&quot;,&quot;shutter_speed&quot;:&quot;0.033333333333333&quot;,&quot;title&quot;:&quot;&quot;,&quot;orientation&quot;:&quot;1&quot;}\" data-image-title=\"Channelling_4 2\" data-image-description=\"\" data-image-caption=\"\" data-medium-file=\"https:\/\/i0.wp.com\/www.outicondit.com\/wp-content\/uploads\/2017\/09\/Channelling_4-2.jpg?fit=300%2C200\" data-large-file=\"https:\/\/i0.wp.com\/www.outicondit.com\/wp-content\/uploads\/2017\/09\/Channelling_4-2.jpg?fit=1024%2C683\" loading=\"lazy\" class=\"alignnone wp-image-190\" src=\"https:\/\/i0.wp.com\/www.outicondit.com\/wp-content\/uploads\/2017\/09\/Channelling_4-2.jpg?resize=938%2C626\" alt=\"\" width=\"938\" height=\"626\" srcset=\"https:\/\/i0.wp.com\/www.outicondit.com\/wp-content\/uploads\/2017\/09\/Channelling_4-2.jpg?resize=300%2C200 300w, https:\/\/i0.wp.com\/www.outicondit.com\/wp-content\/uploads\/2017\/09\/Channelling_4-2.jpg?resize=768%2C512 768w, https:\/\/i0.wp.com\/www.outicondit.com\/wp-content\/uploads\/2017\/09\/Channelling_4-2.jpg?resize=1024%2C683 1024w, https:\/\/i0.wp.com\/www.outicondit.com\/wp-content\/uploads\/2017\/09\/Channelling_4-2.jpg?resize=720%2C480 720w, https:\/\/i0.wp.com\/www.outicondit.com\/wp-content\/uploads\/2017\/09\/Channelling_4-2.jpg?resize=560%2C373 560w, https:\/\/i0.wp.com\/www.outicondit.com\/wp-content\/uploads\/2017\/09\/Channelling_4-2.jpg?w=3000 3000w\" sizes=\"(max-width: 938px) 100vw, 938px\" data-recalc-dims=\"1\" \/><\/p>\n<p>&nbsp;<\/p>\n<p>Photo: Paula Tella<\/p>\n","protected":false},"excerpt":{"rendered":"<p>. . Kuinka puhua rivien v\u00e4list\u00e4? Kuinka ajatella ei mit\u00e4\u00e4n? Kuinka kanavoida kaikkea? &#8220;Mietin sit\u00e4 hetke\u00e4 ja tilaa ja kohtaa joka on k\u00e4\u00e4nn\u00f6ksen ja ajatuksen v\u00e4liss\u00e4. Tai hetki, jolloin alan puhua ja hetki jolloin alan ajatella k\u00e4\u00e4nn\u00f6st\u00e4, k\u00e4\u00e4nt\u00e4mist\u00e4. Mit\u00e4 se on, mit\u00e4 siin\u00e4 on. Aion nyt menn\u00e4 siihen siihen tilaan, siihen v\u00e4liin. Olen nyt ajatuksen, puheen alkamaisillaan olon ja k\u00e4\u00e4nn\u00f6ksen\u00e4 tapahtuvan puheen v\u00e4liss\u00e4. Olen nyt siell\u00e4. T\u00e4m\u00e4 on nyt se tila, ja&#8230;&#8221; -Emilia Kokko To speak between the lines To<a class=\"more-link\" href=\"http:\/\/www.outicondit.com\/?portfolio=channelling\"><span data-hover=\"Read More\">Read More<\/span><\/a><\/p>\n","protected":false},"author":1,"featured_media":0,"comment_status":"closed","ping_status":"closed","template":"","meta":{"spay_email":"","jetpack_publicize_message":"","jetpack_is_tweetstorm":false,"jetpack_publicize_feature_enabled":true},"jetpack-portfolio-type":[6,10],"jetpack-portfolio-tag":[],"jetpack_publicize_connections":[],"jetpack_sharing_enabled":false,"jetpack-related-posts":[],"_links":{"self":[{"href":"http:\/\/www.outicondit.com\/index.php?rest_route=\/wp\/v2\/jetpack-portfolio\/166"}],"collection":[{"href":"http:\/\/www.outicondit.com\/index.php?rest_route=\/wp\/v2\/jetpack-portfolio"}],"about":[{"href":"http:\/\/www.outicondit.com\/index.php?rest_route=\/wp\/v2\/types\/jetpack-portfolio"}],"author":[{"embeddable":true,"href":"http:\/\/www.outicondit.com\/index.php?rest_route=\/wp\/v2\/users\/1"}],"replies":[{"embeddable":true,"href":"http:\/\/www.outicondit.com\/index.php?rest_route=%2Fwp%2Fv2%2Fcomments&post=166"}],"version-history":[{"count":3,"href":"http:\/\/www.outicondit.com\/index.php?rest_route=\/wp\/v2\/jetpack-portfolio\/166\/revisions"}],"predecessor-version":[{"id":222,"href":"http:\/\/www.outicondit.com\/index.php?rest_route=\/wp\/v2\/jetpack-portfolio\/166\/revisions\/222"}],"wp:attachment":[{"href":"http:\/\/www.outicondit.com\/index.php?rest_route=%2Fwp%2Fv2%2Fmedia&parent=166"}],"wp:term":[{"taxonomy":"jetpack-portfolio-type","embeddable":true,"href":"http:\/\/www.outicondit.com\/index.php?rest_route=%2Fwp%2Fv2%2Fjetpack-portfolio-type&post=166"},{"taxonomy":"jetpack-portfolio-tag","embeddable":true,"href":"http:\/\/www.outicondit.com\/index.php?rest_route=%2Fwp%2Fv2%2Fjetpack-portfolio-tag&post=166"}],"curies":[{"name":"wp","href":"https:\/\/api.w.org\/{rel}","templated":true}]}}

<p><span style="color: #ffffff;">.</span></p>
<p><span style="color: #ffffff;">.</span></p>
<p>Kuinka puhua rivien välistä? Kuinka ajatella ei mitään? Kuinka kanavoida kaikkea?</p>
<p>&#8220;Mietin sitä hetkeä ja tilaa ja kohtaa joka on käännöksen ja ajatuksen välissä. Tai hetki, jolloin alan puhua ja hetki jolloin alan ajatella käännöstä, kääntämistä. Mitä se on, mitä siinä on. Aion nyt mennä siihen siihen tilaan, siihen väliin. Olen nyt ajatuksen, puheen alkamaisillaan olon ja käännöksenä tapahtuvan puheen välissä. Olen nyt siellä. Tämä on nyt se tila, ja&#8230;&#8221;</p>
<p>-Emilia Kokko</p>
<p style="text-align: right;">To speak between the lines</p>
<p style="text-align: right;">To move sideways in language</p>
<p style="text-align: right;">To matter</p>
<p style="text-align: right;">To body</p>
<p style="text-align: right;">To subject</p>
<p style="text-align: right;">To texture</p>
<p style="text-align: right;">To pattern</p>
<p style="text-align: right;">To speak movement</p>
<p style="text-align: right;">To speak touch</p>
<p style="text-align: right;">To speak parallel</p>
<p style="text-align: right;">To language</p>
<p style="text-align: right;">To grammar</p>
<p style="text-align: right;">To almost</p>
<p>&nbsp;</p>
<p>In Spring 2017 I invited artists Emilia Kokko and Gesa Piper to join me in developing a practice of thinking aloud that I dubbed ‘channelling’, and the embodied poetics/politics arising from it. This Autumn we were joined by visual designer Anastasia Paretskoi who translates the practice through her own artistic concerns with (trans)subjectivity and space/place.</p>
<p>Channelling is both site and outcome of artistic research. Through collective practice we explore how speech entangles and coagulates laterally. Our attention is as much in clumps, patterns, glitches and absences as continuous flows of presence. In speech-as-texture among other textures, speech-as-stage for performing human/non-human/grammatical/partial bodies and sedimenting subjects in-formation.</p>
<p>Channelling is a durational exploration of the co-constitution of bodies, relations, and grammar in performance.</p>
<p>As my first examined artistic part, Channelling is paired with <em>The Actress</em>, which is a theatre piece on theatre, power, and acting. It presents eight variations on thespian affect, corporeality, representation, labour, agency, identification, empowerment, and techno-assisted embodiment. <em>The Actress</em> is a collaboration with French-Basque theatre director/artist/researcher Vincent Roumagnac.</p>
<p>Työryhmä/Working group: Outi Condit, Emilia Kokko, Gesa Piper, Anastasia Paretskoi (visual design)</p>
<p>The Actress//Channelling had their first performance run in the Theatre Academy of Helsinki in October 2017. There will be more to come, stay tuned!</p>
<p>&nbsp;</p>
<p><img data-attachment-id="190" data-permalink="http://www.outicondit.com/?attachment_id=190" data-orig-file="https://i0.wp.com/www.outicondit.com/wp-content/uploads/2017/09/Channelling_4-2.jpg?fit=3543%2C2362" data-orig-size="3543,2362" data-comments-opened="1" data-image-meta="{&quot;aperture&quot;:&quot;1.4&quot;,&quot;credit&quot;:&quot;&quot;,&quot;camera&quot;:&quot;Canon EOS 5D Mark II&quot;,&quot;caption&quot;:&quot;&quot;,&quot;created_timestamp&quot;:&quot;1507832587&quot;,&quot;copyright&quot;:&quot;&quot;,&quot;focal_length&quot;:&quot;50&quot;,&quot;iso&quot;:&quot;3200&quot;,&quot;shutter_speed&quot;:&quot;0.033333333333333&quot;,&quot;title&quot;:&quot;&quot;,&quot;orientation&quot;:&quot;1&quot;}" data-image-title="Channelling_4 2" data-image-description="" data-image-caption="" data-medium-file="https://i0.wp.com/www.outicondit.com/wp-content/uploads/2017/09/Channelling_4-2.jpg?fit=300%2C200" data-large-file="https://i0.wp.com/www.outicondit.com/wp-content/uploads/2017/09/Channelling_4-2.jpg?fit=1024%2C683" loading="lazy" class="alignnone wp-image-190" src="https://i0.wp.com/www.outicondit.com/wp-content/uploads/2017/09/Channelling_4-2.jpg?resize=938%2C626" alt="" width="938" height="626" srcset="https://i0.wp.com/www.outicondit.com/wp-content/uploads/2017/09/Channelling_4-2.jpg?resize=300%2C200 300w, https://i0.wp.com/www.outicondit.com/wp-content/uploads/2017/09/Channelling_4-2.jpg?resize=768%2C512 768w, https://i0.wp.com/www.outicondit.com/wp-content/uploads/2017/09/Channelling_4-2.jpg?resize=1024%2C683 1024w, https://i0.wp.com/www.outicondit.com/wp-content/uploads/2017/09/Channelling_4-2.jpg?resize=720%2C480 720w, https://i0.wp.com/www.outicondit.com/wp-content/uploads/2017/09/Channelling_4-2.jpg?resize=560%2C373 560w, https://i0.wp.com/www.outicondit.com/wp-content/uploads/2017/09/Channelling_4-2.jpg?w=3000 3000w" sizes="(max-width: 938px) 100vw, 938px" data-recalc-dims="1" /></p>
<p>&nbsp;</p>
<p>Photo: Paula Tella</p>

<p>. . Kuinka puhua rivien välistä? Kuinka ajatella ei mitään? Kuinka kanavoida kaikkea? &#8220;Mietin sitä hetkeä ja tilaa ja kohtaa joka on käännöksen ja ajatuksen välissä. Tai hetki, jolloin alan puhua ja hetki jolloin alan ajatella käännöstä, kääntämistä. Mitä se on, mitä siinä on. Aion nyt mennä siihen siihen tilaan, siihen väliin. Olen nyt ajatuksen, puheen alkamaisillaan olon ja käännöksenä tapahtuvan puheen välissä. Olen nyt siellä. Tämä on nyt se tila, ja&#8230;&#8221; -Emilia Kokko To speak between the lines To<a class="more-link" href="http://www.outicondit.com/?portfolio=channelling"><span data-hover="Read More">Read More</span></a></p>
