{"id":131,"date":"2017-09-04T18:00:40","date_gmt":"2017-09-04T15:00:40","guid":{"rendered":"http:\/\/46.32.240.37\/outicondit.com\/?post_type=jetpack-portfolio&#038;p=131"},"modified":"2017-09-04T18:41:05","modified_gmt":"2017-09-04T15:41:05","slug":"between-you-and-me","status":"publish","type":"jetpack-portfolio","link":"http:\/\/www.outicondit.com\/?portfolio=between-you-and-me","title":{"rendered":"Between you and me"},"content":{"rendered":"<blockquote class=\"wp-embedded-content\" data-secret=\"tcfFmHwNsL\"><p><a href=\"http:\/\/nivel.teak.fi\/poetics-of-form\/outi-condit-between-you-and-me\/\">Outi Condit Between you and me<\/a><\/p><\/blockquote>\n<p><iframe class=\"wp-embedded-content\" sandbox=\"allow-scripts\" security=\"restricted\" style=\"position: absolute; clip: rect(1px, 1px, 1px, 1px);\" src=\"http:\/\/nivel.teak.fi\/poetics-of-form\/outi-condit-between-you-and-me\/embed\/#?secret=tcfFmHwNsL\" data-secret=\"tcfFmHwNsL\" width=\"600\" height=\"338\" title=\"&#8220;&lt;em&gt;Outi Condit&lt;\/em&gt; Between you and me&#8221; &#8212; Poetics of Form\" frameborder=\"0\" marginwidth=\"0\" marginheight=\"0\" scrolling=\"no\"><\/iframe><\/p>\n<p>Published in Nivel 08 &#8211; Poetics of Form, eds. Outi Condit &amp; Liisa Jaakonaho<\/p>\n","protected":false},"excerpt":{"rendered":"<p>Outi Condit Between you and me Published in Nivel 08 &#8211; Poetics of Form, eds. Outi Condit &amp; Liisa Jaakonaho<\/p>\n","protected":false},"author":1,"featured_media":135,"comment_status":"open","ping_status":"closed","template":"","meta":{"spay_email":"","jetpack_publicize_message":"","jetpack_is_tweetstorm":false,"jetpack_publicize_feature_enabled":true},"jetpack-portfolio-type":[9],"jetpack-portfolio-tag":[],"jetpack_publicize_connections":[],"jetpack_sharing_enabled":true,"jetpack-related-posts":[{"id":166,"url":"http:\/\/www.outicondit.com\/?portfolio=channelling","url_meta":{"origin":131,"position":0},"title":"Channelling","date":"\/\/\/","format":false,"excerpt":". . Kuinka puhua rivien v\u00e4list\u00e4? Kuinka ajatella ei mit\u00e4\u00e4n? Kuinka kanavoida kaikkea? \"Mietin sit\u00e4 hetke\u00e4 ja tilaa ja kohtaa joka on k\u00e4\u00e4nn\u00f6ksen ja ajatuksen v\u00e4liss\u00e4. Tai hetki, jolloin alan puhua ja hetki jolloin alan ajatella k\u00e4\u00e4nn\u00f6st\u00e4, k\u00e4\u00e4nt\u00e4mist\u00e4. Mit\u00e4 se on, mit\u00e4 siin\u00e4 on. Aion nyt menn\u00e4 siihen siihen tilaan,\u2026","rel":"","context":"Similar post","img":{"alt_text":"","src":"https:\/\/i0.wp.com\/www.outicondit.com\/wp-content\/uploads\/2017\/09\/Channelling_4-2-300x200.jpg?resize=350%2C200","width":350,"height":200},"classes":[]},{"id":90,"url":"http:\/\/www.outicondit.com\/?portfolio=charp","url_meta":{"origin":131,"position":1},"title":"#CHARP","date":"\/\/\/","format":false,"excerpt":"Simo Kellokumpu's second examined artistic part, premiere: 30.6. 2017 Research Pavilion, Venice #CHARP forms with planetary and intergalactic movements. Imaginary scales and relations are produced. What happens to the movement when it is mediated to choreography? How to embody hyper-reading of the planetary movements that set conditions for the choreographic\u2026","rel":"","context":"Similar post","img":{"alt_text":"","src":"","width":0,"height":0},"classes":[]},{"id":508,"url":"http:\/\/www.outicondit.com\/?portfolio=paradox-of-photography-inside-the-apparatus","url_meta":{"origin":131,"position":2},"title":"PARADOXES OF PHOTOGRAPHY\/ INSIDE THE APPARATUS","date":"\/\/\/","format":false,"excerpt":"\"A good medium is rare.\" -Scooby Doo, 1972 . . Outi Condit & Rosie Swayne (Iso-Britannia\/Suomi):\u00a0Osana apparaattia\u00a0\/\u00a0Within\u00a0the\u00a0Apparatus\u00a0\u00a0\u00a0 . Paradoxes of Photography exhibition in the Museum of Photography 13.5.-28.8. 2022 Audio piece in Finnish and in English, 4 headphones\u00a0 . . An imagined\u00a0image\u00a0is invisible, and it can be shared only through\u2026","rel":"","context":"Similar post","img":{"alt_text":"","src":"https:\/\/i0.wp.com\/www.outicondit.com\/wp-content\/uploads\/2022\/04\/Medium_w_earphones.jpg?resize=350%2C200","width":350,"height":200},"classes":[]},{"id":106,"url":"http:\/\/www.outicondit.com\/?portfolio=i-am-faransis-w","url_meta":{"origin":131,"position":3},"title":"I am Faransis W.","date":"\/\/\/","format":false,"excerpt":"I am Faransis W. (2016) is a new play by award-winning Finnish playwright-director Jari Juutinen based loosely on B\u00fcchner's classic Woyzeck. It was be performed at the Edinburgh Fringe at Summerhall Place: Old Lab dates\u00a0\u00a0Aug 6 - Aug 27 2017 written & directed by: Jari Juutinen cast: Aleksi Holkko, Ani\u2026","rel":"","context":"Similar post","img":{"alt_text":"","src":"https:\/\/i0.wp.com\/www.outicondit.com\/wp-content\/uploads\/2017\/05\/17492676_1277168012367303_7267920356847210350_o-e1494596809961.jpg?fit=1000%2C1000&resize=350%2C200","width":350,"height":200},"classes":[]},{"id":92,"url":"http:\/\/www.outicondit.com\/?portfolio=the-actress","url_meta":{"origin":131,"position":4},"title":"The Actress","date":"\/\/\/","format":false,"excerpt":"The Actress\u00a0is a theatre piece on theatre, power and acting. She arises from the crisis of the actorly body as an intersection of affective\/material\/corporeal\/discursive tensions at stake in the dispositif of theatre. She presents eight variations on thespian affect, corporeality, gaze, representation, identification, empowerment, and techno(dys)embodiment. She stages her own\u2026","rel":"","context":"Similar post","img":{"alt_text":"","src":"https:\/\/i0.wp.com\/www.outicondit.com\/wp-content\/uploads\/2017\/05\/BTGM0319.jpg?resize=350%2C200","width":350,"height":200},"classes":[]},{"id":109,"url":"http:\/\/www.outicondit.com\/?portfolio=channelling-1","url_meta":{"origin":131,"position":5},"title":"Channelling #1","date":"\/\/\/","format":false,"excerpt":"","rel":"","context":"Similar post","img":{"alt_text":"","src":"","width":0,"height":0},"classes":[]}],"_links":{"self":[{"href":"http:\/\/www.outicondit.com\/index.php?rest_route=\/wp\/v2\/jetpack-portfolio\/131"}],"collection":[{"href":"http:\/\/www.outicondit.com\/index.php?rest_route=\/wp\/v2\/jetpack-portfolio"}],"about":[{"href":"http:\/\/www.outicondit.com\/index.php?rest_route=\/wp\/v2\/types\/jetpack-portfolio"}],"author":[{"embeddable":true,"href":"http:\/\/www.outicondit.com\/index.php?rest_route=\/wp\/v2\/users\/1"}],"replies":[{"embeddable":true,"href":"http:\/\/www.outicondit.com\/index.php?rest_route=%2Fwp%2Fv2%2Fcomments&post=131"}],"version-history":[{"count":1,"href":"http:\/\/www.outicondit.com\/index.php?rest_route=\/wp\/v2\/jetpack-portfolio\/131\/revisions"}],"predecessor-version":[{"id":136,"href":"http:\/\/www.outicondit.com\/index.php?rest_route=\/wp\/v2\/jetpack-portfolio\/131\/revisions\/136"}],"wp:featuredmedia":[{"embeddable":true,"href":"http:\/\/www.outicondit.com\/index.php?rest_route=\/wp\/v2\/media\/135"}],"wp:attachment":[{"href":"http:\/\/www.outicondit.com\/index.php?rest_route=%2Fwp%2Fv2%2Fmedia&parent=131"}],"wp:term":[{"taxonomy":"jetpack-portfolio-type","embeddable":true,"href":"http:\/\/www.outicondit.com\/index.php?rest_route=%2Fwp%2Fv2%2Fjetpack-portfolio-type&post=131"},{"taxonomy":"jetpack-portfolio-tag","embeddable":true,"href":"http:\/\/www.outicondit.com\/index.php?rest_route=%2Fwp%2Fv2%2Fjetpack-portfolio-tag&post=131"}],"curies":[{"name":"wp","href":"https:\/\/api.w.org\/{rel}","templated":true}]}}

. . Kuinka puhua rivien välistä? Kuinka ajatella ei mitään? Kuinka kanavoida kaikkea? "Mietin sitä hetkeä ja tilaa ja kohtaa joka on käännöksen ja ajatuksen välissä. Tai hetki, jolloin alan puhua ja hetki jolloin alan ajatella käännöstä, kääntämistä. Mitä se on, mitä siinä on. Aion nyt mennä siihen siihen tilaan,…

I am Faransis W. (2016) is a new play by award-winning Finnish playwright-director Jari Juutinen based loosely on Büchner's classic Woyzeck. It was be performed at the Edinburgh Fringe at Summerhall Place: Old Lab dates  Aug 6 - Aug 27 2017 written & directed by: Jari Juutinen cast: Aleksi Holkko, Ani…
