{"id":109,"date":"2017-05-24T18:06:00","date_gmt":"2017-05-24T15:06:00","guid":{"rendered":"http:\/\/46.32.240.37\/outicondit.com\/?post_type=jetpack-portfolio&#038;p=109"},"modified":"2019-05-26T15:04:12","modified_gmt":"2019-05-26T12:04:12","slug":"channelling-1","status":"publish","type":"jetpack-portfolio","link":"http:\/\/www.outicondit.com\/?portfolio=channelling-1","title":{"rendered":"Channelling #1"},"content":{"rendered":"<div class=\"embed-vimeo\" style=\"text-align: center;\"><iframe loading=\"lazy\" src=\"https:\/\/player.vimeo.com\/video\/218764823\" width=\"1500\" height=\"844\" frameborder=\"0\" webkitallowfullscreen mozallowfullscreen allowfullscreen><\/iframe><\/div>\n","protected":false},"excerpt":{"rendered":"","protected":false},"author":1,"featured_media":0,"comment_status":"closed","ping_status":"closed","template":"","meta":{"spay_email":"","jetpack_publicize_message":"","jetpack_is_tweetstorm":false,"jetpack_publicize_feature_enabled":true},"jetpack-portfolio-type":[9],"jetpack-portfolio-tag":[],"jetpack_publicize_connections":[],"jetpack_sharing_enabled":false,"jetpack-related-posts":[{"id":92,"url":"http:\/\/www.outicondit.com\/?portfolio=the-actress","url_meta":{"origin":109,"position":0},"title":"The Actress","date":"\/\/\/","format":false,"excerpt":"The Actress\u00a0is a theatre piece on theatre, power and acting. She arises from the crisis of the actorly body as an intersection of affective\/material\/corporeal\/discursive tensions at stake in the dispositif of theatre. She presents eight variations on thespian affect, corporeality, gaze, representation, identification, empowerment, and techno(dys)embodiment. She stages her own\u2026","rel":"","context":"Similar post","img":{"alt_text":"","src":"https:\/\/i0.wp.com\/www.outicondit.com\/wp-content\/uploads\/2017\/05\/BTGM0319.jpg?resize=350%2C200","width":350,"height":200},"classes":[]},{"id":166,"url":"http:\/\/www.outicondit.com\/?portfolio=channelling","url_meta":{"origin":109,"position":1},"title":"Channelling","date":"\/\/\/","format":false,"excerpt":". . Kuinka puhua rivien v\u00e4list\u00e4? Kuinka ajatella ei mit\u00e4\u00e4n? Kuinka kanavoida kaikkea? \"Mietin sit\u00e4 hetke\u00e4 ja tilaa ja kohtaa joka on k\u00e4\u00e4nn\u00f6ksen ja ajatuksen v\u00e4liss\u00e4. Tai hetki, jolloin alan puhua ja hetki jolloin alan ajatella k\u00e4\u00e4nn\u00f6st\u00e4, k\u00e4\u00e4nt\u00e4mist\u00e4. Mit\u00e4 se on, mit\u00e4 siin\u00e4 on. Aion nyt menn\u00e4 siihen siihen tilaan,\u2026","rel":"","context":"Similar post","img":{"alt_text":"","src":"https:\/\/i0.wp.com\/www.outicondit.com\/wp-content\/uploads\/2017\/09\/Channelling_4-2-300x200.jpg?resize=350%2C200","width":350,"height":200},"classes":[]},{"id":495,"url":"http:\/\/www.outicondit.com\/?portfolio=wheres-the-remote","url_meta":{"origin":109,"position":2},"title":"WHERE&#8217;S THE REMOTE","date":"\/\/\/","format":false,"excerpt":"https:\/\/vimeo.com\/467687118","rel":"","context":"Similar post","img":{"alt_text":"","src":"","width":0,"height":0},"classes":[]},{"id":148,"url":"http:\/\/www.outicondit.com\/?portfolio=remote-control-human","url_meta":{"origin":109,"position":3},"title":"REMOTE CONTROL HUMAN","date":"\/\/\/","format":false,"excerpt":"Image (c) Vincent Roumagnac A series of performances on the porous borders of self\/other, techno\/flesh, and fabulous reality. Human bodies are screens and stages for the performative relationship between technology and experience. Immersed in thespian fantasies of innocence and total control,\u00a0RCH\u00a0incites and investigates the uncanny experience of being more-than-one, less-than-many\u2026","rel":"","context":"Similar post","img":{"alt_text":"","src":"https:\/\/i0.wp.com\/www.outicondit.com\/wp-content\/uploads\/2017\/09\/IMG_2651.jpg?resize=350%2C200","width":350,"height":200},"classes":[]},{"id":90,"url":"http:\/\/www.outicondit.com\/?portfolio=charp","url_meta":{"origin":109,"position":4},"title":"#CHARP","date":"\/\/\/","format":false,"excerpt":"Simo Kellokumpu's second examined artistic part, premiere: 30.6. 2017 Research Pavilion, Venice #CHARP forms with planetary and intergalactic movements. Imaginary scales and relations are produced. What happens to the movement when it is mediated to choreography? How to embody hyper-reading of the planetary movements that set conditions for the choreographic\u2026","rel":"","context":"Similar post","img":{"alt_text":"","src":"","width":0,"height":0},"classes":[]},{"id":482,"url":"http:\/\/www.outicondit.com\/?portfolio=networked-actor-theory","url_meta":{"origin":109,"position":5},"title":"NETWORKED ACTOR THEORY","date":"\/\/\/","format":false,"excerpt":". . . In 2019, together with my colleague Simo Kellokumpu, we curated an artistic research event with the title Networked Actor Theory. This brought together artist-researchers with shared interests to rethink the agencies and politics of performing bodies and the networks they emerge from. In 2021 those same artist-researchers\u2026","rel":"","context":"Similar post","img":{"alt_text":"","src":"","width":0,"height":0},"classes":[]}],"_links":{"self":[{"href":"http:\/\/www.outicondit.com\/index.php?rest_route=\/wp\/v2\/jetpack-portfolio\/109"}],"collection":[{"href":"http:\/\/www.outicondit.com\/index.php?rest_route=\/wp\/v2\/jetpack-portfolio"}],"about":[{"href":"http:\/\/www.outicondit.com\/index.php?rest_route=\/wp\/v2\/types\/jetpack-portfolio"}],"author":[{"embeddable":true,"href":"http:\/\/www.outicondit.com\/index.php?rest_route=\/wp\/v2\/users\/1"}],"replies":[{"embeddable":true,"href":"http:\/\/www.outicondit.com\/index.php?rest_route=%2Fwp%2Fv2%2Fcomments&post=109"}],"version-history":[{"count":1,"href":"http:\/\/www.outicondit.com\/index.php?rest_route=\/wp\/v2\/jetpack-portfolio\/109\/revisions"}],"predecessor-version":[{"id":201,"href":"http:\/\/www.outicondit.com\/index.php?rest_route=\/wp\/v2\/jetpack-portfolio\/109\/revisions\/201"}],"wp:attachment":[{"href":"http:\/\/www.outicondit.com\/index.php?rest_route=%2Fwp%2Fv2%2Fmedia&parent=109"}],"wp:term":[{"taxonomy":"jetpack-portfolio-type","embeddable":true,"href":"http:\/\/www.outicondit.com\/index.php?rest_route=%2Fwp%2Fv2%2Fjetpack-portfolio-type&post=109"},{"taxonomy":"jetpack-portfolio-tag","embeddable":true,"href":"http:\/\/www.outicondit.com\/index.php?rest_route=%2Fwp%2Fv2%2Fjetpack-portfolio-tag&post=109"}],"curies":[{"name":"wp","href":"https:\/\/api.w.org\/{rel}","templated":true}]}}

. . Kuinka puhua rivien välistä? Kuinka ajatella ei mitään? Kuinka kanavoida kaikkea? "Mietin sitä hetkeä ja tilaa ja kohtaa joka on käännöksen ja ajatuksen välissä. Tai hetki, jolloin alan puhua ja hetki jolloin alan ajatella käännöstä, kääntämistä. Mitä se on, mitä siinä on. Aion nyt mennä siihen siihen tilaan,…
