{"id":106,"date":"2017-05-12T16:45:16","date_gmt":"2017-05-12T13:45:16","guid":{"rendered":"http:\/\/46.32.240.37\/outicondit.com\/?post_type=jetpack-portfolio&#038;p=106"},"modified":"2022-09-07T18:41:17","modified_gmt":"2022-09-07T15:41:17","slug":"i-am-faransis-w","status":"publish","type":"jetpack-portfolio","link":"http:\/\/www.outicondit.com\/?portfolio=i-am-faransis-w","title":{"rendered":"I am Faransis W."},"content":{"rendered":"<p>I am Faransis W. (2016) is a new play by award-winning Finnish playwright-director Jari Juutinen based loosely on B\u00fcchner&#8217;s classic Woyzeck. It was be performed at the Edinburgh Fringe at Summerhall Place: Old Lab dates&nbsp;&nbsp;Aug 6 &#8211; Aug 27 2017<\/p>\n<p>written &amp; directed by: Jari Juutinen<br \/>\ncast: Aleks<span class=\"text_exposed_show\">i Holkko, Ani Aladashvili\/Outi Condit, Liisa Sofia P\u00f6ntinen<br \/>\nlight design: Teemu Nurmelin<br \/>\nsound design: Jussi Matikainen, Jari Juutinen<br \/>\nmusic: Jussi Matikainen, Tomi Pekkola<br \/>\nguitar: Tomi Pekkola<br \/>\nvideo design: Aku Meril\u00e4inen<br \/>\npress photos: Aki Loponen<br \/>\nproduction: sadsongskomplex:fi (Helsinki, Finland) &amp; From Start to Finnish<\/span><\/p>\n<p>&nbsp;<\/p>\n","protected":false},"excerpt":{"rendered":"<p>I am Faransis W. (2016) is a new play by award-winning Finnish playwright-director Jari Juutinen based loosely on B\u00fcchner&#8217;s classic Woyzeck. It was be performed at the Edinburgh Fringe at Summerhall Place: Old Lab dates&nbsp;&nbsp;Aug 6 &#8211; Aug 27 2017 written &amp; directed by: Jari Juutinen cast: Aleksi Holkko, Ani Aladashvili\/Outi Condit, Liisa Sofia P\u00f6ntinen light design: Teemu Nurmelin sound design: Jussi Matikainen, Jari Juutinen music: Jussi Matikainen, Tomi Pekkola guitar: Tomi Pekkola video design: Aku Meril\u00e4inen press photos: Aki<a class=\"more-link\" href=\"http:\/\/www.outicondit.com\/?portfolio=i-am-faransis-w\"><span data-hover=\"Read More\">Read More<\/span><\/a><\/p>\n","protected":false},"author":1,"featured_media":107,"comment_status":"closed","ping_status":"closed","template":"","meta":{"spay_email":"","jetpack_publicize_message":"","jetpack_is_tweetstorm":false,"jetpack_publicize_feature_enabled":true},"jetpack-portfolio-type":[10],"jetpack-portfolio-tag":[],"jetpack_publicize_connections":[],"jetpack_sharing_enabled":true,"jetpack-related-posts":[{"id":508,"url":"http:\/\/www.outicondit.com\/?portfolio=paradox-of-photography-inside-the-apparatus","url_meta":{"origin":106,"position":0},"title":"PARADOXES OF PHOTOGRAPHY\/ INSIDE THE APPARATUS","date":"\/\/\/","format":false,"excerpt":"\"A good medium is rare.\" -Scooby Doo, 1972 . . Outi Condit & Rosie Swayne (Iso-Britannia\/Suomi):\u00a0Osana apparaattia\u00a0\/\u00a0Within\u00a0the\u00a0Apparatus\u00a0\u00a0\u00a0 . Paradoxes of Photography exhibition in the Museum of Photography 13.5.-28.8. 2022 Audio piece in Finnish and in English, 4 headphones\u00a0 . . An imagined\u00a0image\u00a0is invisible, and it can be shared only through\u2026","rel":"","context":"Similar post","img":{"alt_text":"","src":"https:\/\/i0.wp.com\/www.outicondit.com\/wp-content\/uploads\/2022\/04\/Medium_w_earphones.jpg?resize=350%2C200","width":350,"height":200},"classes":[]},{"id":148,"url":"http:\/\/www.outicondit.com\/?portfolio=remote-control-human","url_meta":{"origin":106,"position":1},"title":"REMOTE CONTROL HUMAN","date":"\/\/\/","format":false,"excerpt":"Image (c) Vincent Roumagnac A series of performances on the porous borders of self\/other, techno\/flesh, and fabulous reality. Human bodies are screens and stages for the performative relationship between technology and experience. Immersed in thespian fantasies of innocence and total control,\u00a0RCH\u00a0incites and investigates the uncanny experience of being more-than-one, less-than-many\u2026","rel":"","context":"Similar post","img":{"alt_text":"","src":"https:\/\/i0.wp.com\/www.outicondit.com\/wp-content\/uploads\/2017\/09\/IMG_2651.jpg?resize=350%2C200","width":350,"height":200},"classes":[]},{"id":166,"url":"http:\/\/www.outicondit.com\/?portfolio=channelling","url_meta":{"origin":106,"position":2},"title":"Channelling","date":"\/\/\/","format":false,"excerpt":". . Kuinka puhua rivien v\u00e4list\u00e4? Kuinka ajatella ei mit\u00e4\u00e4n? Kuinka kanavoida kaikkea? \"Mietin sit\u00e4 hetke\u00e4 ja tilaa ja kohtaa joka on k\u00e4\u00e4nn\u00f6ksen ja ajatuksen v\u00e4liss\u00e4. Tai hetki, jolloin alan puhua ja hetki jolloin alan ajatella k\u00e4\u00e4nn\u00f6st\u00e4, k\u00e4\u00e4nt\u00e4mist\u00e4. Mit\u00e4 se on, mit\u00e4 siin\u00e4 on. Aion nyt menn\u00e4 siihen siihen tilaan,\u2026","rel":"","context":"Similar post","img":{"alt_text":"","src":"https:\/\/i0.wp.com\/www.outicondit.com\/wp-content\/uploads\/2017\/09\/Channelling_4-2-300x200.jpg?resize=350%2C200","width":350,"height":200},"classes":[]}],"_links":{"self":[{"href":"http:\/\/www.outicondit.com\/index.php?rest_route=\/wp\/v2\/jetpack-portfolio\/106"}],"collection":[{"href":"http:\/\/www.outicondit.com\/index.php?rest_route=\/wp\/v2\/jetpack-portfolio"}],"about":[{"href":"http:\/\/www.outicondit.com\/index.php?rest_route=\/wp\/v2\/types\/jetpack-portfolio"}],"author":[{"embeddable":true,"href":"http:\/\/www.outicondit.com\/index.php?rest_route=\/wp\/v2\/users\/1"}],"replies":[{"embeddable":true,"href":"http:\/\/www.outicondit.com\/index.php?rest_route=%2Fwp%2Fv2%2Fcomments&post=106"}],"version-history":[{"count":1,"href":"http:\/\/www.outicondit.com\/index.php?rest_route=\/wp\/v2\/jetpack-portfolio\/106\/revisions"}],"predecessor-version":[{"id":538,"href":"http:\/\/www.outicondit.com\/index.php?rest_route=\/wp\/v2\/jetpack-portfolio\/106\/revisions\/538"}],"wp:featuredmedia":[{"embeddable":true,"href":"http:\/\/www.outicondit.com\/index.php?rest_route=\/wp\/v2\/media\/107"}],"wp:attachment":[{"href":"http:\/\/www.outicondit.com\/index.php?rest_route=%2Fwp%2Fv2%2Fmedia&parent=106"}],"wp:term":[{"taxonomy":"jetpack-portfolio-type","embeddable":true,"href":"http:\/\/www.outicondit.com\/index.php?rest_route=%2Fwp%2Fv2%2Fjetpack-portfolio-type&post=106"},{"taxonomy":"jetpack-portfolio-tag","embeddable":true,"href":"http:\/\/www.outicondit.com\/index.php?rest_route=%2Fwp%2Fv2%2Fjetpack-portfolio-tag&post=106"}],"curies":[{"name":"wp","href":"https:\/\/api.w.org\/{rel}","templated":true}]}}

<p>I am Faransis W. (2016) is a new play by award-winning Finnish playwright-director Jari Juutinen based loosely on Büchner&#8217;s classic Woyzeck. It was be performed at the Edinburgh Fringe at Summerhall Place: Old Lab dates&nbsp;&nbsp;Aug 6 &#8211; Aug 27 2017</p>
<p>written &amp; directed by: Jari Juutinen<br />
cast: Aleks<span class="text_exposed_show">i Holkko, Ani Aladashvili/Outi Condit, Liisa Sofia Pöntinen<br />
light design: Teemu Nurmelin<br />
sound design: Jussi Matikainen, Jari Juutinen<br />
music: Jussi Matikainen, Tomi Pekkola<br />
guitar: Tomi Pekkola<br />
video design: Aku Meriläinen<br />
press photos: Aki Loponen<br />
production: sadsongskomplex:fi (Helsinki, Finland) &amp; From Start to Finnish</span></p>
<p>&nbsp;</p>

<p>I am Faransis W. (2016) is a new play by award-winning Finnish playwright-director Jari Juutinen based loosely on Büchner&#8217;s classic Woyzeck. It was be performed at the Edinburgh Fringe at Summerhall Place: Old Lab dates&nbsp;&nbsp;Aug 6 &#8211; Aug 27 2017 written &amp; directed by: Jari Juutinen cast: Aleksi Holkko, Ani Aladashvili/Outi Condit, Liisa Sofia Pöntinen light design: Teemu Nurmelin sound design: Jussi Matikainen, Jari Juutinen music: Jussi Matikainen, Tomi Pekkola guitar: Tomi Pekkola video design: Aku Meriläinen press photos: Aki<a class="more-link" href="http://www.outicondit.com/?portfolio=i-am-faransis-w"><span data-hover="Read More">Read More</span></a></p>

. . Kuinka puhua rivien välistä? Kuinka ajatella ei mitään? Kuinka kanavoida kaikkea? "Mietin sitä hetkeä ja tilaa ja kohtaa joka on käännöksen ja ajatuksen välissä. Tai hetki, jolloin alan puhua ja hetki jolloin alan ajatella käännöstä, kääntämistä. Mitä se on, mitä siinä on. Aion nyt mennä siihen siihen tilaan,…
